{"id":33401,"date":"2024-04-08T13:15:40","date_gmt":"2024-04-08T16:15:40","guid":{"rendered":"https:\/\/www.chb.cl\/sitio\/?page_id=33401"},"modified":"2024-06-04T11:12:29","modified_gmt":"2024-06-04T14:12:29","slug":"premiacion-1-a-3-basico","status":"publish","type":"page","link":"https:\/\/www.chb.cl\/sitio\/premiacion-1-a-3-basico\/","title":{"rendered":"Premiaci\u00f3n 1\u00b0 a 3\u00b0 b\u00e1sico"},"content":{"rendered":"<p>[et_pb_section fb_built=\u00bb1&#8243; _builder_version=\u00bb4.24.3&#8243; _module_preset=\u00bbdefault\u00bb global_colors_info=\u00bb{}\u00bb][et_pb_row _builder_version=\u00bb4.24.3&#8243; _module_preset=\u00bbdefault\u00bb global_colors_info=\u00bb{}\u00bb][et_pb_column type=\u00bb4_4&#8243; _builder_version=\u00bb4.24.3&#8243; _module_preset=\u00bbdefault\u00bb global_colors_info=\u00bb{}\u00bb][et_pb_text _builder_version=\u00bb4.24.3&#8243; _module_preset=\u00bbdefault\u00bb global_colors_info=\u00bb{}\u00bb]<\/p>\n<h2 style=\"text-align: center;\"><strong>Rendimiento Acad\u00e9mico <span>\ud83c\udf93<\/span><\/strong><\/h2>\n<p>[\/et_pb_text][\/et_pb_column][\/et_pb_row][et_pb_row column_structure=\u00bb1_3,1_3,1_3&#8243; _builder_version=\u00bb4.24.3&#8243; _module_preset=\u00bbdefault\u00bb global_colors_info=\u00bb{}\u00bb][et_pb_column type=\u00bb1_3&#8243; _builder_version=\u00bb4.24.3&#8243; _module_preset=\u00bbdefault\u00bb global_colors_info=\u00bb{}\u00bb][et_pb_text _builder_version=\u00bb4.24.3&#8243; _module_preset=\u00bbdefault\u00bb global_colors_info=\u00bb{}\u00bb]<\/p>\n<h4 style=\"text-align: center;\"><strong>1\u00b0 B\u00e1sico<\/strong><\/h4>\n<p>[\/et_pb_text][et_pb_text _builder_version=\u00bb4.25.1&#8243; _module_preset=\u00bbdefault\u00bb hover_enabled=\u00bb0&#8243; global_colors_info=\u00bb{}\u00bb sticky_enabled=\u00bb0&#8243;]<\/p>\n<p>1\u00b0a Rafael Agusto Castro Reinoso.<br \/>1\u00b0a Mart\u00edn Enrique Rubilar Aparicio.<br \/>1\u00b0a Richard Oswaldo Huaman Jilaja.<br \/>1\u00b0a Trinidad De Las Nieves Araya Meza<br \/>1\u00b0a Nicol\u00e1s Javier Rojas Fuentes.<br \/>1\u00b0b Laura Khamaganova Da Silva<br \/>1\u00b0b Florencia Agustina Rosales Cruz<br \/>1\u00b0b Catalina Amparo Guzman Reyes<br \/>1\u00b0b Emilia Teresa Blancas Jorquera<br \/>1\u00b0b Arleth Font Padilla<br \/>1\u00b0b Isabella Trinidad Silva Gonz\u00e1lez<br \/>1\u00b0b Antonia Paz C\u00e1rdenas V\u00e1squez<br \/>1\u00b0c Maite Catalina Oro Amaya<br \/>1\u00b0d Eduardo Patricio Copia Llewelyn<br \/>1\u00b0d Luciana Paz Guti\u00e9rrez Gonz\u00e1lez<br \/>1\u00b0d Nicole Estefan\u00eda Ar\u00e9valo Mar\u00edn<br \/>1\u00b0d Julieta Antonia Olivares Saavedra<br \/>1\u00b0d Antonia Jes\u00fas Ruz Riquelme<br \/>1\u00b0d Dominga Victoria Medina Alfaro<br \/>1\u00b0d Clemente Ignacio Orozco Orrego<\/p>\n<p>[\/et_pb_text][\/et_pb_column][et_pb_column type=\u00bb1_3&#8243; _builder_version=\u00bb4.24.3&#8243; _module_preset=\u00bbdefault\u00bb global_colors_info=\u00bb{}\u00bb][et_pb_text _builder_version=\u00bb4.24.3&#8243; _module_preset=\u00bbdefault\u00bb global_colors_info=\u00bb{}\u00bb]<\/p>\n<h4 style=\"text-align: center;\"><strong>2\u00b0 B\u00e1sico<\/strong><\/h4>\n<p>[\/et_pb_text][et_pb_text _builder_version=\u00bb4.25.1&#8243; _module_preset=\u00bbdefault\u00bb hover_enabled=\u00bb0&#8243; global_colors_info=\u00bb{}\u00bb sticky_enabled=\u00bb0&#8243;]<\/p>\n<p>2\u00b0a Trinidad Catalina Moreno Luttgues<br \/>2\u00b0b Fernanda Javiera Montalba Alarc\u00f3n<br \/>2\u00b0c Franco Ignacio Mendez Reyes<br \/>2\u00b0c Raquel Rocio Correa Rojas<br \/>2\u00b0c Victoria Gracia Kompatzki Palza<br \/>2\u00b0c Julian Lorenzo Tellez Araya<br \/>2\u00b0c Josefina Lorena Saavedra Escobar<br \/>2\u00b0c Paula Carolina Soto Riquelme<br \/>2\u00b0c Isidora Paz Obreg\u00f3n Cisternas<br \/>2\u00b0c Julieta Bel\u00e9n Olgu\u00edn Tapia<br \/>2\u00b0c Luciano Eduardo Loyola Verdugo<br \/>2\u00b0c Bruno Luciano Copello Vasquez<br \/>2\u00b0d Bohong Lin Chen<\/p>\n<p>[\/et_pb_text][\/et_pb_column][et_pb_column type=\u00bb1_3&#8243; _builder_version=\u00bb4.24.3&#8243; _module_preset=\u00bbdefault\u00bb global_colors_info=\u00bb{}\u00bb][et_pb_text _builder_version=\u00bb4.24.3&#8243; _module_preset=\u00bbdefault\u00bb global_colors_info=\u00bb{}\u00bb]<\/p>\n<h4 style=\"text-align: center;\"><strong>3\u00b0 B\u00e1sico<\/strong><\/h4>\n<p>[\/et_pb_text][et_pb_text _builder_version=\u00bb4.25.1&#8243; _module_preset=\u00bbdefault\u00bb hover_enabled=\u00bb0&#8243; global_colors_info=\u00bb{}\u00bb sticky_enabled=\u00bb0&#8243;]<\/p>\n<p>3\u00b0a Emilia Jousen Orellana Morales<br \/>3\u00b0a Amelia Constanza Castro Rivera<br \/>3\u00b0a Leslie Ruoyi Li Zhang<br \/>3\u00b0a Jeshia Tamar Rojas Guerrero<br \/>3\u00b0a Ina Elena Malinarich Gjuranovic<br \/>3\u00b0b Mariana Ignacia Salgado Alvarez<br \/>3\u00b0b Maximiliano Alexis Roa Rodr\u00edguez<br \/>3\u00b0b Ana\u00eds Arumi Flores Condori<br \/>3\u00b0b Patricio Alejandro Navarro Medrano<br \/>3\u00b0b Maximiliano Daniel Cavassa Cordova<br \/>3\u00b0b Isabella Victoria Figueroa Ortiz<br \/>3\u00b0b Agustina Zareth Vega Morales<br \/>3\u00b0c Luciano Ignacio Gui\u00f1ez Fern\u00e1ndez<br \/>3\u00b0d Samir Andres Iskandar Mu\u00f1oz<\/p>\n<p>[\/et_pb_text][\/et_pb_column][\/et_pb_row][et_pb_row column_structure=\u00bb1_3,1_3,1_3&#8243; _builder_version=\u00bb4.24.3&#8243; _module_preset=\u00bbdefault\u00bb global_colors_info=\u00bb{}\u00bb][et_pb_column type=\u00bb1_3&#8243; _builder_version=\u00bb4.24.3&#8243; _module_preset=\u00bbdefault\u00bb global_colors_info=\u00bb{}\u00bb][et_pb_text _builder_version=\u00bb4.24.3&#8243; _module_preset=\u00bbdefault\u00bb global_colors_info=\u00bb{}\u00bb]<\/p>\n<h4 style=\"text-align: center;\"><strong>4\u00b0 B\u00e1sico<\/strong><\/h4>\n<p>[\/et_pb_text][et_pb_text _builder_version=\u00bb4.25.1&#8243; _module_preset=\u00bbdefault\u00bb hover_enabled=\u00bb0&#8243; global_colors_info=\u00bb{}\u00bb sticky_enabled=\u00bb0&#8243;]<\/p>\n<p>4\u00b0a Antonieta Amelia G\u00f3mez P\u00e9rez<br \/>4\u00b0a Jorge Alfredo Iskandar Mu\u00f1oz<br \/>4\u00b0a Josefa Ignacia Oyarz\u00fan Molina<br \/>4\u00b0b Isidora Ignacia Tapia Vald\u00e9s<br \/>4\u00b0b Mart\u00edn Ignacio Cejas Cristopulos<br \/>4\u00b0b Colomba Javiera Plaza Ruiz<br \/>4\u00b0b Rafaella Fiorenza Solari Rocha<br \/>4\u00b0c Cristobal Alfonso Cortes Cisternas<br \/>4\u00b0c Amanda Caraballo Barrios<br \/>4\u00b0c Emilia Paz Fischer Vergara<br \/>4\u00b0c Alonso Antonio Ureta Becker<br \/>4\u00b0c Alonso Javier Montalva Alarcon<br \/>4\u00b0c Fernanda Javiera Mu\u00f1oz Villalobos<br \/>4\u00b0d Mart\u00edn Alonso Rojas Aguirre<br \/>4\u00b0d Taina Amparo Olmos Bolados<br \/>4\u00b0d Florencia Paz Boudon Vergara<br \/>4\u00b0d Andr\u00e9s Concha B\u00f3rquez<br \/>4\u00b0d Florencia Ignaciaf Dastre Alvarado<\/p>\n<p>[\/et_pb_text][\/et_pb_column][et_pb_column type=\u00bb1_3&#8243; _builder_version=\u00bb4.24.3&#8243; _module_preset=\u00bbdefault\u00bb global_colors_info=\u00bb{}\u00bb][et_pb_text _builder_version=\u00bb4.24.3&#8243; _module_preset=\u00bbdefault\u00bb global_colors_info=\u00bb{}\u00bb]<\/p>\n<h4 style=\"text-align: center;\"><strong>5\u00b0 B\u00e1sico<\/strong><\/h4>\n<p>[\/et_pb_text][et_pb_text _builder_version=\u00bb4.25.1&#8243; _module_preset=\u00bbdefault\u00bb hover_enabled=\u00bb0&#8243; global_colors_info=\u00bb{}\u00bb sticky_enabled=\u00bb0&#8243;]<\/p>\n<p>5\u00b0a Isidora Emilia Aguilera Estrada<br \/>5\u00b0b Ignacio Javier Honores Hern\u00e1ndez<br \/>5\u00b0c Catalina Paz Friedli De La Fuente<br \/>5\u00b0d Antonella Pascale Peralta Cordero<br \/>5\u00b0d Sebasti\u00e1n Alonso Tapia Vald\u00e9s<br \/>5\u00b0d Franco Nicol\u00e1s Copello V\u00e1squez<br \/>5\u00b0d Roylester Richard Chavez Mendoza<br \/>5\u00b0e Crist\u00f3bal Andr\u00e9s Torres Guerrero<\/p>\n<p>[\/et_pb_text][\/et_pb_column][et_pb_column type=\u00bb1_3&#8243; _builder_version=\u00bb4.24.3&#8243; _module_preset=\u00bbdefault\u00bb global_colors_info=\u00bb{}\u00bb][et_pb_text _builder_version=\u00bb4.24.3&#8243; _module_preset=\u00bbdefault\u00bb global_colors_info=\u00bb{}\u00bb]<\/p>\n<h4 style=\"text-align: center;\"><strong>6\u00b0 B\u00e1sico<\/strong><\/h4>\n<p>[\/et_pb_text][et_pb_text _builder_version=\u00bb4.25.1&#8243; _module_preset=\u00bbdefault\u00bb hover_enabled=\u00bb0&#8243; global_colors_info=\u00bb{}\u00bb sticky_enabled=\u00bb0&#8243;]<\/p>\n<p>6\u00b0a Juan Jos\u00e9 Miguel Saavedra Gonz\u00e1lez<br \/>6\u00b0b Javiera Paz Borquez Carre\u00f1o<br \/>6\u00b0b Piera Kathalina Castro Ortega<br \/>6\u00b0b Emiliano Bernardo Moreno Ravello<br \/>6\u00b0b Mayra Valentina Ticuna Gutierrez<br \/>6\u00b0b Mariano Angelo Romero D\u00edaz<br \/>6\u00b0c Emilia Jesus Ceballos Chipoco<br \/>6\u00b0c Dominga Campos Calder\u00f3n<br \/>6\u00b0d Mat\u00edas Fernando Ayma Garc\u00eda<br \/>6\u00b0d Lucas Enrique Mor\u00f3n Romero<br \/>6\u00b0e Dominique Sivel Albornoz Galleguillos<br \/>6\u00b0e Anah\u00ed Alfonsina Vald\u00e9s Liberona<\/p>\n<p>[\/et_pb_text][\/et_pb_column][\/et_pb_row][et_pb_row _builder_version=\u00bb4.24.3&#8243; _module_preset=\u00bbdefault\u00bb global_colors_info=\u00bb{}\u00bb][et_pb_column type=\u00bb4_4&#8243; _builder_version=\u00bb4.24.3&#8243; _module_preset=\u00bbdefault\u00bb global_colors_info=\u00bb{}\u00bb][et_pb_text _builder_version=\u00bb4.24.3&#8243; _module_preset=\u00bbdefault\u00bb global_colors_info=\u00bb{}\u00bb]<\/p>\n<h2 style=\"text-align: center;\"><strong>Clima de convivencia escolar positivo <span>\ud83d\udcda<\/span><\/strong><\/h2>\n<p>[\/et_pb_text][\/et_pb_column][\/et_pb_row][et_pb_row column_structure=\u00bb1_3,1_3,1_3&#8243; _builder_version=\u00bb4.24.3&#8243; _module_preset=\u00bbdefault\u00bb global_colors_info=\u00bb{}\u00bb][et_pb_column type=\u00bb1_3&#8243; _builder_version=\u00bb4.24.3&#8243; _module_preset=\u00bbdefault\u00bb global_colors_info=\u00bb{}\u00bb][et_pb_text _builder_version=\u00bb4.24.3&#8243; _module_preset=\u00bbdefault\u00bb global_colors_info=\u00bb{}\u00bb]<\/p>\n<h4 style=\"text-align: center;\"><strong>1\u00b0 B\u00e1sico<\/strong><\/h4>\n<p>[\/et_pb_text][et_pb_text _builder_version=\u00bb4.25.1&#8243; _module_preset=\u00bbdefault\u00bb hover_enabled=\u00bb0&#8243; global_colors_info=\u00bb{}\u00bb sticky_enabled=\u00bb0&#8243;]<\/p>\n<p>1\u00b0a Sof\u00eda Andrea Araya Villanueva.<br \/>1\u00b0a Mart\u00edn Enrique Rubilar Aparicio.<br \/>1\u00b0b Bruno Wari- Anti Mamani Mamani<br \/>1\u00b0b Isabella Trinidad Silva Gonz\u00e1lez<br \/>1\u00b0c Maite Catalina Oro Amaya<br \/>1\u00b0c Joaqu\u00edn Ignacio Morales Villagra<br \/>1\u00b0d Clemente Ignacio Orozco Orrego<br \/>1\u00b0d Paula Agustina Ortiz Grand\u00f3n<\/p>\n<p>[\/et_pb_text][\/et_pb_column][et_pb_column type=\u00bb1_3&#8243; _builder_version=\u00bb4.24.3&#8243; _module_preset=\u00bbdefault\u00bb global_colors_info=\u00bb{}\u00bb][et_pb_text _builder_version=\u00bb4.24.3&#8243; _module_preset=\u00bbdefault\u00bb global_colors_info=\u00bb{}\u00bb]<\/p>\n<h4 style=\"text-align: center;\"><strong>2\u00b0 B\u00e1sico<\/strong><\/h4>\n<p>[\/et_pb_text][et_pb_text _builder_version=\u00bb4.25.1&#8243; _module_preset=\u00bbdefault\u00bb hover_enabled=\u00bb0&#8243; global_colors_info=\u00bb{}\u00bb sticky_enabled=\u00bb0&#8243;]<\/p>\n<p>2\u00b0a Patricia Brunella Palomino Ochoa<br \/>2\u00b0a Santiago Andr\u00e9s Ya\u00f1ez Diaz<br \/>2\u00b0b Alonso Benjam\u00edn P\u00e1vez Iturra<br \/>2\u00b0b Florencia Sandoval Fuentes<br \/>2\u00b0c Valeria Jimena Rivera Aguilar<br \/>2\u00b0c Luciano Eduardo Loyola Verdugo<br \/>2\u00b0d Crist\u00f3bal Ignacio Ib\u00e1\u00f1ez Lillo<br \/>2\u00b0d Trinidad Isidora Vega Mu\u00f1oz<\/p>\n<p>[\/et_pb_text][\/et_pb_column][et_pb_column type=\u00bb1_3&#8243; _builder_version=\u00bb4.24.3&#8243; _module_preset=\u00bbdefault\u00bb global_colors_info=\u00bb{}\u00bb][et_pb_text _builder_version=\u00bb4.24.3&#8243; _module_preset=\u00bbdefault\u00bb global_colors_info=\u00bb{}\u00bb]<\/p>\n<h4 style=\"text-align: center;\"><strong>3\u00b0 B\u00e1sico<\/strong><\/h4>\n<p>[\/et_pb_text][et_pb_text _builder_version=\u00bb4.25.1&#8243; _module_preset=\u00bbdefault\u00bb hover_enabled=\u00bb0&#8243; global_colors_info=\u00bb{}\u00bb sticky_enabled=\u00bb0&#8243;]<\/p>\n<p>3\u00b0a Bryana Zoe Poma C\u00f3rdova<br \/>3\u00b0a Mat\u00edas Antonio Blancas Jorquera<br \/>3\u00b0b Matilda Annabel Pi\u00f1ones Rojas<br \/>3\u00b0b Patricio Alejandro Navarro Medrano<br \/>3\u00b0c Cristian Khamaganov Da Silva<br \/>3\u00b0c Florencia Agustina Aguilera Estrada<br \/>3\u00b0d Emilio Patricio Iv\u00e1n Julio Bustos<br \/>3\u00b0d Emilia Ignacia Rojas Pino<\/p>\n<p>[\/et_pb_text][\/et_pb_column][\/et_pb_row][et_pb_row column_structure=\u00bb1_3,1_3,1_3&#8243; _builder_version=\u00bb4.24.3&#8243; _module_preset=\u00bbdefault\u00bb global_colors_info=\u00bb{}\u00bb][et_pb_column type=\u00bb1_3&#8243; _builder_version=\u00bb4.24.3&#8243; _module_preset=\u00bbdefault\u00bb global_colors_info=\u00bb{}\u00bb][et_pb_text _builder_version=\u00bb4.24.3&#8243; _module_preset=\u00bbdefault\u00bb global_colors_info=\u00bb{}\u00bb]<\/p>\n<h4 style=\"text-align: center;\"><strong>\u00a04\u00b0 B\u00e1sico<\/strong><\/h4>\n<p>[\/et_pb_text][et_pb_text _builder_version=\u00bb4.25.1&#8243; _module_preset=\u00bbdefault\u00bb hover_enabled=\u00bb0&#8243; global_colors_info=\u00bb{}\u00bb sticky_enabled=\u00bb0&#8243;]<\/p>\n<p>4\u00b0a Gabriel Abdiel Fajardo Miranda<br \/>4\u00b0a Valentina Alejandra Aparicio Zelada<br \/>4\u00b0b Rafaella Fiorenza Solari Rocha<br \/>4\u00b0b Mart\u00edn Ignacio Cejas Cristopulos<br \/>4\u00b0c Mia De Los Angeles Vega Mu\u00f1oz<br \/>4\u00b0c \u00c1lvaro Luciano Guzm\u00e1n Reyes<br \/>4\u00b0d Claudio Vicente Miranda Catal\u00e1n<br \/>4\u00b0d Cristina Ignacia Carpio Past\u00e9n<\/p>\n<p>[\/et_pb_text][\/et_pb_column][et_pb_column type=\u00bb1_3&#8243; _builder_version=\u00bb4.24.3&#8243; _module_preset=\u00bbdefault\u00bb global_colors_info=\u00bb{}\u00bb][et_pb_text _builder_version=\u00bb4.24.3&#8243; _module_preset=\u00bbdefault\u00bb global_colors_info=\u00bb{}\u00bb]<\/p>\n<h4 style=\"text-align: center;\"><strong>5\u00b0 B\u00e1sico<\/strong><\/h4>\n<p>[\/et_pb_text][et_pb_text _builder_version=\u00bb4.25.1&#8243; _module_preset=\u00bbdefault\u00bb hover_enabled=\u00bb0&#8243; global_colors_info=\u00bb{}\u00bb sticky_enabled=\u00bb0&#8243;]<\/p>\n<p>5\u00b0a Emilio Andr\u00e9s D\u00edaz Ahumada<br \/>5\u00b0a Nicol\u00e1s Paolo Ponce Olivares<br \/>5\u00b0b Diego Vicente Corval\u00e1n Arenas<br \/>5\u00b0b Martina Antonia Vega Delatorre<br \/>5\u00b0c Agust\u00edn Antonio Guzm\u00e1n Moraga<br \/>5\u00b0c Soffia Ignacia Ferrada Tapia<br \/>5\u00b0d Agust\u00edn Ignacio Mollo Ardiles<br \/>5\u00b0d Florencia Pascal Moncada Contreras<br \/>5\u00b0e Agust\u00edn Antonio Herrera Herrera<br \/>5\u00b0e Sof\u00eda Paola Ostria Massaro<\/p>\n<p>[\/et_pb_text][\/et_pb_column][et_pb_column type=\u00bb1_3&#8243; _builder_version=\u00bb4.24.3&#8243; _module_preset=\u00bbdefault\u00bb global_colors_info=\u00bb{}\u00bb][et_pb_text _builder_version=\u00bb4.24.3&#8243; _module_preset=\u00bbdefault\u00bb global_colors_info=\u00bb{}\u00bb]<\/p>\n<h4 style=\"text-align: center;\"><strong>6\u00b0 B\u00e1sico<\/strong><\/h4>\n<p>[\/et_pb_text][et_pb_text _builder_version=\u00bb4.25.1&#8243; _module_preset=\u00bbdefault\u00bb hover_enabled=\u00bb0&#8243; global_colors_info=\u00bb{}\u00bb sticky_enabled=\u00bb0&#8243;]<\/p>\n<p>6\u00b0a Italo Sergio Manniello Gonz\u00e1lez<br \/>6\u00b0a Rafaella Manniello Araya<br \/>6\u00b0b Juan Ignacio Moreno<br \/>6\u00b0b Florencia Agustina Iturrieta \u00c1lvarez.<br \/>6\u00b0c Ema Monserrat Garc\u00eda Fari\u00f1a<br \/>6\u00b0c Juan Pablo Mu\u00f1oz Landeros<br \/>6\u00b0d Facundo Basti\u00e1n Far\u00edas Hanshing<br \/>6\u00b0d Emilia Luz Esquivias Carvajal<br \/>6\u00b0e Leonor Francisca Weimperger Albillar<br \/>6\u00b0e Mart\u00edn Nicol\u00e1s Rojas Leiva<\/p>\n<p>[\/et_pb_text][\/et_pb_column][\/et_pb_row][et_pb_row _builder_version=\u00bb4.24.3&#8243; _module_preset=\u00bbdefault\u00bb global_colors_info=\u00bb{}\u00bb][et_pb_column type=\u00bb4_4&#8243; _builder_version=\u00bb4.24.3&#8243; _module_preset=\u00bbdefault\u00bb global_colors_info=\u00bb{}\u00bb][et_pb_text _builder_version=\u00bb4.24.3&#8243; _module_preset=\u00bbdefault\u00bb global_colors_info=\u00bb{}\u00bb]<\/p>\n<h2 style=\"text-align: center;\"><strong>Esp\u00edritu CHB <span>\ud83c\udf1f<\/span><\/strong><\/h2>\n<p>[\/et_pb_text][\/et_pb_column][\/et_pb_row][et_pb_row column_structure=\u00bb1_3,1_3,1_3&#8243; _builder_version=\u00bb4.24.3&#8243; _module_preset=\u00bbdefault\u00bb global_colors_info=\u00bb{}\u00bb][et_pb_column type=\u00bb1_3&#8243; _builder_version=\u00bb4.24.3&#8243; _module_preset=\u00bbdefault\u00bb global_colors_info=\u00bb{}\u00bb][et_pb_text _builder_version=\u00bb4.24.3&#8243; _module_preset=\u00bbdefault\u00bb global_colors_info=\u00bb{}\u00bb]<\/p>\n<h4 style=\"text-align: center;\"><strong>1\u00b0 B\u00e1sico<\/strong><\/h4>\n<p>[\/et_pb_text][et_pb_text _builder_version=\u00bb4.25.1&#8243; _module_preset=\u00bbdefault\u00bb hover_enabled=\u00bb0&#8243; global_colors_info=\u00bb{}\u00bb sticky_enabled=\u00bb0&#8243;]<\/p>\n<p>1\u00b0a Giuliana Francisca Rojas Guajardo<br \/>1\u00b0a Nicol\u00e1s Javier Rojas Fuentes<br \/>1\u00b0b Mathyas Clavijo Landivar<br \/>1\u00b0b Eleonor Alicia Cort\u00e9s Zepeda<br \/>1\u00b0c Catalina Fernanda Aparicio Zelada<br \/>1\u00b0c Franco Maximiliano Ulloa Olivares<br \/>1\u00b0d Vicente Alonso Aros Mancarella<br \/>1\u00b0d Alfonsina Paz Orellana Bravo<\/p>\n<p>[\/et_pb_text][\/et_pb_column][et_pb_column type=\u00bb1_3&#8243; _builder_version=\u00bb4.24.3&#8243; _module_preset=\u00bbdefault\u00bb global_colors_info=\u00bb{}\u00bb][et_pb_text _builder_version=\u00bb4.24.3&#8243; _module_preset=\u00bbdefault\u00bb global_colors_info=\u00bb{}\u00bb]<\/p>\n<h4 style=\"text-align: center;\"><strong>2\u00b0 B\u00e1sico<\/strong><\/h4>\n<p>[\/et_pb_text][et_pb_text _builder_version=\u00bb4.25.1&#8243; _module_preset=\u00bbdefault\u00bb hover_enabled=\u00bb0&#8243; global_colors_info=\u00bb{}\u00bb sticky_enabled=\u00bb0&#8243;]<\/p>\n<p>2\u00b0a Trinidad Emilia Larra\u00edn Campos<br \/>2\u00b0a Oscar Xu Zhong<br \/>2\u00b0b Vicente Contreras Morales<br \/>2\u00b0b Sophia Antonella Cruz Montero<br \/>2\u00b0c Bruno Luciano Copello Vasquez<br \/>2\u00b0c Isidora Paz Obreg\u00f3n Cisternas<br \/>2\u00b0d Luciano Mateo Leiva Julio<br \/>2\u00b0d Roc\u00edo Beatriz Espinoza Pacheco<\/p>\n<p>[\/et_pb_text][\/et_pb_column][et_pb_column type=\u00bb1_3&#8243; _builder_version=\u00bb4.24.3&#8243; _module_preset=\u00bbdefault\u00bb global_colors_info=\u00bb{}\u00bb][et_pb_text _builder_version=\u00bb4.24.3&#8243; _module_preset=\u00bbdefault\u00bb global_colors_info=\u00bb{}\u00bb]<\/p>\n<h4 style=\"text-align: center;\"><strong>3\u00b0 B\u00e1sico<\/strong><\/h4>\n<p>[\/et_pb_text][et_pb_text _builder_version=\u00bb4.25.1&#8243; _module_preset=\u00bbdefault\u00bb hover_enabled=\u00bb0&#8243; global_colors_info=\u00bb{}\u00bb sticky_enabled=\u00bb0&#8243;]<\/p>\n<p>3\u00b0a Clemente Pineda Veloso<br \/>3\u00b0a Flavia Amelie Miranda Leiva<br \/>3\u00b0b Maximiliano Daniel Cavassa C\u00f3rdova<br \/>3\u00b0b Ana\u00eds Arumi Sisa Flores Condori<br \/>3\u00b0c Vittorio Augusto Manniello Araya<br \/>3\u00b0c Gabriela Da Silva Rodriguez<br \/>3\u00b0d Basti\u00e1n Antoine Rudolffi Vega<br \/>3\u00b0d Katalina Mariana Arellano Choque<\/p>\n<p>[\/et_pb_text][\/et_pb_column][\/et_pb_row][et_pb_row column_structure=\u00bb1_3,1_3,1_3&#8243; _builder_version=\u00bb4.24.3&#8243; _module_preset=\u00bbdefault\u00bb global_colors_info=\u00bb{}\u00bb][et_pb_column type=\u00bb1_3&#8243; _builder_version=\u00bb4.24.3&#8243; _module_preset=\u00bbdefault\u00bb global_colors_info=\u00bb{}\u00bb][et_pb_text _builder_version=\u00bb4.24.3&#8243; _module_preset=\u00bbdefault\u00bb global_colors_info=\u00bb{}\u00bb]<\/p>\n<h4 style=\"text-align: center;\"><strong>4\u00b0 B\u00e1sico<\/strong><\/h4>\n<p>[\/et_pb_text][et_pb_text _builder_version=\u00bb4.25.1&#8243; _module_preset=\u00bbdefault\u00bb hover_enabled=\u00bb0&#8243; global_colors_info=\u00bb{}\u00bb sticky_enabled=\u00bb0&#8243;]<\/p>\n<p>4\u00b0a Maithe Alessandra Alves Quero<br \/>4\u00b0a Mariano Ignacio Cerda Vel\u00e1squez<br \/>4\u00b0b Constanza Belen Pozo Salvatierra<br \/>4\u00b0c Maite Carolina Cortes Mella<br \/>4\u00b0c Francisco Tom\u00e1s Moreno Celed\u00f3n<br \/>4\u00b0d Andr\u00e9s Concha Borquez<br \/>4\u00b0d Sofia Isidora Celis Rivera<\/p>\n<p>[\/et_pb_text][\/et_pb_column][et_pb_column type=\u00bb1_3&#8243; _builder_version=\u00bb4.24.3&#8243; _module_preset=\u00bbdefault\u00bb global_colors_info=\u00bb{}\u00bb][et_pb_text _builder_version=\u00bb4.24.3&#8243; _module_preset=\u00bbdefault\u00bb global_colors_info=\u00bb{}\u00bb]<\/p>\n<h4 style=\"text-align: center;\"><strong>5\u00b0 B\u00e1sico<\/strong><\/h4>\n<p>[\/et_pb_text][et_pb_text _builder_version=\u00bb4.25.1&#8243; _module_preset=\u00bbdefault\u00bb hover_enabled=\u00bb0&#8243; global_colors_info=\u00bb{}\u00bb sticky_enabled=\u00bb0&#8243;]<\/p>\n<p>5\u00b0a Joaqu\u00edn Antonio Zu\u00f1iga Torres<br \/>5\u00b0a Felipe Javier Aros Mancarella<br \/>5\u00b0b Felipe Andres Mamani Vilches<br \/>5\u00b0b Camila Ignacia Past\u00e9n Delgado<br \/>5\u00b0c Sebasti\u00e1n Antonio Bustos Urrutia<br \/>5\u00b0c Catalina Paz Friedli De La Fuente<br \/>5\u00b0d Roylester Richard Chavez Mendoza<br \/>5\u00b0d Ana\u00eds Belen Araya Olivares<br \/>5\u00b0e Emiliano Agust\u00edn Vergara Noem\u00ed<br \/>5\u00b0e Fernanda Emilia Rodr\u00edguez Sotelo<\/p>\n<p>[\/et_pb_text][\/et_pb_column][et_pb_column type=\u00bb1_3&#8243; _builder_version=\u00bb4.24.3&#8243; _module_preset=\u00bbdefault\u00bb global_colors_info=\u00bb{}\u00bb][et_pb_text _builder_version=\u00bb4.24.3&#8243; _module_preset=\u00bbdefault\u00bb global_colors_info=\u00bb{}\u00bb]<\/p>\n<h4 style=\"text-align: center;\"><strong>6\u00b0 B\u00e1sico<\/strong><\/h4>\n<p>[\/et_pb_text][et_pb_text _builder_version=\u00bb4.25.1&#8243; _module_preset=\u00bbdefault\u00bb hover_enabled=\u00bb0&#8243; global_colors_info=\u00bb{}\u00bb sticky_enabled=\u00bb0&#8243;]<\/p>\n<p>6\u00b0a Sahana Bel\u00e9n Chandnani Molina<br \/>6\u00b0a Mateo Andr\u00e9s Rojas Contreras<br \/>6\u00b0b Amaro Obreg\u00f3n Cisternas<br \/>6\u00b0b Valentina Nicolette Cavassa C\u00f3rdova<br \/>6\u00b0c Luciano Alonso Polanco Gonz\u00e1lez<br \/>6\u00b0c Martin Ignacio Cabrera Camus<br \/>6\u00b0d Javiera Anita Meza Correa<br \/>6\u00b0d Agust\u00edn Andr\u00e9s P\u00e9rez Vadulli<br \/>6\u00b0e Davor Mateo Malinarich Gjuranovic<br \/>6\u00b0e Samantha Melianne Pozo Salvatierra<\/p>\n<p>[\/et_pb_text][\/et_pb_column][\/et_pb_row][et_pb_row _builder_version=\u00bb4.24.3&#8243; _module_preset=\u00bbdefault\u00bb global_colors_info=\u00bb{}\u00bb][et_pb_column type=\u00bb4_4&#8243; _builder_version=\u00bb4.24.3&#8243; _module_preset=\u00bbdefault\u00bb global_colors_info=\u00bb{}\u00bb][et_pb_button button_url=\u00bbhttps:\/\/www.chb.cl\/sitio\/premiacion-1-2-3\/\u00bb button_text=\u00bbRevisa las fotos de la premiaci\u00f3n aqu\u00ed 1\u00b0 a 3\u00b0 b\u00e1sico\u00bb button_alignment=\u00bbcenter\u00bb _builder_version=\u00bb4.24.3&#8243; _module_preset=\u00bbdefault\u00bb custom_button=\u00bbon\u00bb button_text_color=\u00bb#FFFFFF\u00bb button_bg_color=\u00bb#0C71C3&#8243; button_border_radius=\u00bb30px\u00bb global_colors_info=\u00bb{}\u00bb][\/et_pb_button][\/et_pb_column][\/et_pb_row][\/et_pb_section]<\/p>\n","protected":false},"excerpt":{"rendered":"<p>Rendimiento Acad\u00e9mico \ud83c\udf931\u00b0 B\u00e1sico1\u00b0a Rafael Agusto Castro Reinoso.1\u00b0a Mart\u00edn Enrique Rubilar Aparicio.1\u00b0a Richard Oswaldo Huaman Jilaja.1\u00b0a Trinidad De Las Nieves Araya Meza1\u00b0a Nicol\u00e1s Javier Rojas Fuentes.1\u00b0b Laura Khamaganova Da Silva1\u00b0b [&hellip;]<\/p>\n","protected":false},"author":1,"featured_media":0,"parent":0,"menu_order":0,"comment_status":"closed","ping_status":"closed","template":"","meta":{"_et_pb_use_builder":"on","_et_pb_old_content":"","_et_gb_content_width":"","footnotes":""},"class_list":["post-33401","page","type-page","status-publish","hentry"],"_links":{"self":[{"href":"https:\/\/www.chb.cl\/sitio\/wp-json\/wp\/v2\/pages\/33401","targetHints":{"allow":["GET"]}}],"collection":[{"href":"https:\/\/www.chb.cl\/sitio\/wp-json\/wp\/v2\/pages"}],"about":[{"href":"https:\/\/www.chb.cl\/sitio\/wp-json\/wp\/v2\/types\/page"}],"author":[{"embeddable":true,"href":"https:\/\/www.chb.cl\/sitio\/wp-json\/wp\/v2\/users\/1"}],"replies":[{"embeddable":true,"href":"https:\/\/www.chb.cl\/sitio\/wp-json\/wp\/v2\/comments?post=33401"}],"version-history":[{"count":0,"href":"https:\/\/www.chb.cl\/sitio\/wp-json\/wp\/v2\/pages\/33401\/revisions"}],"wp:attachment":[{"href":"https:\/\/www.chb.cl\/sitio\/wp-json\/wp\/v2\/media?parent=33401"}],"curies":[{"name":"wp","href":"https:\/\/api.w.org\/{rel}","templated":true}]}}