{"id":367,"date":"2013-06-11T02:25:37","date_gmt":"2013-06-11T02:25:37","guid":{"rendered":"https:\/\/www.chb.cl\/sitio\/?page_id=367"},"modified":"2024-02-20T10:47:56","modified_gmt":"2024-02-20T13:47:56","slug":"proyecto-educativo","status":"publish","type":"page","link":"https:\/\/www.chb.cl\/sitio\/proyecto-educativo\/","title":{"rendered":"Proyecto educativo"},"content":{"rendered":"<p>[et_pb_section fb_built=\u00bb1&#8243; _builder_version=\u00bb4.16&#8243; global_colors_info=\u00bb{}\u00bb][et_pb_row _builder_version=\u00bb4.16&#8243; background_size=\u00bbinitial\u00bb background_position=\u00bbtop_left\u00bb background_repeat=\u00bbrepeat\u00bb global_colors_info=\u00bb{}\u00bb][et_pb_column type=\u00bb4_4&#8243; _builder_version=\u00bb4.16&#8243; custom_padding=\u00bb|||\u00bb global_colors_info=\u00bb{}\u00bb custom_padding__hover=\u00bb|||\u00bb][et_pb_text _builder_version=\u00bb4.24.0&#8243; text_font_size=\u00bb17px\u00bb background_size=\u00bbinitial\u00bb background_position=\u00bbtop_left\u00bb background_repeat=\u00bbrepeat\u00bb text_orientation=\u00bbjustified\u00bb global_colors_info=\u00bb{}\u00bb]<\/p>\n<h3 style=\"text-align: left;\">El Proyecto Educativo Institucional ha sido elaborado para un horizonte de cinco a\u00f1os.<\/h3>\n<p>&nbsp;<\/p>\n<div><\/div>\n<div>El Proyecto Educativo Institucional (PEI) constituye, para cualquier entidad educativa, el instrumento que orienta todos los procesos que se desarrollan en una instituci\u00f3n: determina el rol de la comunidad educativa en el cumplimiento de las metas y objetivos de mejora continua, da sentido racional a la gesti\u00f3n para el mediano y largo plazo, permite la toma de decisiones pedag\u00f3gicas y curriculares, articula los proyectos y acciones innovadoras en torno al proceso de ense\u00f1anza y aprendizaje y la formaci\u00f3n de los<\/div>\n<div>estudiantes.<\/div>\n<div><\/div>\n<div>En este documento se encuentran los idearios plasmados en la visi\u00f3n y misi\u00f3n que fijar\u00e1n las metas para un per\u00edodo de tiempo determinado y la propuesta de acciones concretas que determinar\u00e1n la contingencia diaria.<\/div>\n<div><\/div>\n<div>Se ha determinado que el PEI tenga una validez m\u00e1xima de cinco (5) a\u00f1os, la velocidad de los cambios en el mundo educativo har\u00e1 que muchas de las consideraciones vertidas en \u00e9l queden obsoletas antes de ese per\u00edodo, por lo que este documento se encuentra en constante revisi\u00f3n, ajuste y adaptaci\u00f3n a los tiempos y contingencias que le tocar\u00e1 vivir a la Comunidad.<\/div>\n<p>[\/et_pb_text][et_pb_button button_url=\u00bbhttps:\/\/www.chb.cl\/sitio\/wp-content\/uploads\/2024\/02\/peiactualizado.pdf\u00bb url_new_window=\u00bbon\u00bb button_text=\u00bbDESCARGAR PROYECTO EDUCATIVO\u00bb button_alignment=\u00bbleft\u00bb _builder_version=\u00bb4.24.0&#8243; _module_preset=\u00bbdefault\u00bb custom_button=\u00bbon\u00bb button_text_color=\u00bb#FFFFFF\u00bb button_bg_color=\u00bb#0C71C3&#8243; button_border_width=\u00bb0px\u00bb button_border_color=\u00bb#0C71C3&#8243; button_border_radius=\u00bb30px\u00bb button_font=\u00bbAlata||||||||\u00bb button_icon=\u00bb&#x69;||divi||400&#8243; button_on_hover=\u00bboff\u00bb hover_enabled=\u00bb0&#8243; global_colors_info=\u00bb{}\u00bb sticky_enabled=\u00bb0&#8243;][\/et_pb_button][\/et_pb_column][\/et_pb_row][\/et_pb_section]<\/p>\n","protected":false},"excerpt":{"rendered":"<p>El Proyecto Educativo Institucional ha sido elaborado para un horizonte de cinco a\u00f1os. &nbsp; El Proyecto Educativo Institucional (PEI) constituye, para cualquier entidad educativa, el instrumento que orienta todos los [&hellip;]<\/p>\n","protected":false},"author":1,"featured_media":0,"parent":0,"menu_order":0,"comment_status":"closed","ping_status":"closed","template":"","meta":{"_et_pb_use_builder":"on","_et_pb_old_content":"<h3 style=\"text-align: center;\"><span style=\"color: #333333;\">El Proyecto Educativo Institucional ha sido elaborado para un horizonte de cinco a\u00f1os.<\/span><\/h3><div dir=\"ltr\"><div class=\"gmail_default\"><p>El Proyecto Educativo Institucional (PEI) constituye, para cualquier entidad educativa, el instrumento que orienta todos los procesos que se desarrollan en una instituci\u00f3n: determina el rol de la comunidad educativa en el cumplimiento de las metas y objetivos de mejora continua, da sentido racional a la gesti\u00f3n para el mediano y largo plazo, permite la toma de decisiones pedag\u00f3gicas y curriculares, articula los proyectos y acciones innovadoras en torno al proceso de ense\u00f1anza y aprendizaje y la formaci\u00f3n de los<br \/>estudiantes.<\/p><p>En este documento se encuentran los idearios plasmados en la visi\u00f3n y misi\u00f3n que fijar\u00e1n las metas para un per\u00edodo de tiempo determinado y la propuesta de acciones concretas que determinar\u00e1n la contingencia diaria.<\/p><p>Se ha determinado que el PEI tenga una validez m\u00e1xima de cinco (5) a\u00f1os, la velocidad de los cambios en el mundo educativo har\u00e1 que muchas de las consideraciones vertidas en \u00e9l queden obsoletas antes de ese per\u00edodo, por lo que este documento se encuentra en constante revisi\u00f3n, ajuste y adaptaci\u00f3n a los tiempos<br \/>y contingencias que le tocar\u00e1 vivir a la Comunidad.<\/p><\/div><\/div><p>[\/vc_column_text][vc_empty_space][vc_btn title=\"DESCARGAR PROYECTO EDUCATIVO\" color=\"primary\" align=\"left\" i_icon_fontawesome=\"fas fa-book\" css_animation=\"fadeIn\" add_icon=\"true\" link=\"url:https%3A%2F%2Fwww.chb.cl%2Fsitio%2Fwp-content%2Fuploads%2F2022%2F08%2FPEI-chb.pdf\"][\/vc_column][\/vc_row]<\/p>","_et_gb_content_width":"","footnotes":""},"class_list":["post-367","page","type-page","status-publish","hentry"],"_links":{"self":[{"href":"https:\/\/www.chb.cl\/sitio\/wp-json\/wp\/v2\/pages\/367","targetHints":{"allow":["GET"]}}],"collection":[{"href":"https:\/\/www.chb.cl\/sitio\/wp-json\/wp\/v2\/pages"}],"about":[{"href":"https:\/\/www.chb.cl\/sitio\/wp-json\/wp\/v2\/types\/page"}],"author":[{"embeddable":true,"href":"https:\/\/www.chb.cl\/sitio\/wp-json\/wp\/v2\/users\/1"}],"replies":[{"embeddable":true,"href":"https:\/\/www.chb.cl\/sitio\/wp-json\/wp\/v2\/comments?post=367"}],"version-history":[{"count":0,"href":"https:\/\/www.chb.cl\/sitio\/wp-json\/wp\/v2\/pages\/367\/revisions"}],"wp:attachment":[{"href":"https:\/\/www.chb.cl\/sitio\/wp-json\/wp\/v2\/media?parent=367"}],"curies":[{"name":"wp","href":"https:\/\/api.w.org\/{rel}","templated":true}]}}