{"id":38158,"date":"2025-02-17T18:33:17","date_gmt":"2025-02-17T21:33:17","guid":{"rendered":"https:\/\/www.chb.cl\/sitio\/?page_id=38158"},"modified":"2025-02-18T11:19:56","modified_gmt":"2025-02-18T14:19:56","slug":"estudiantes-destacados-en-ceremonia-de-reconocimiento-a-la-excelencia-2024","status":"publish","type":"page","link":"https:\/\/www.chb.cl\/sitio\/estudiantes-destacados-en-ceremonia-de-reconocimiento-a-la-excelencia-2024\/","title":{"rendered":"Estudiantes destacados en Ceremonia de Reconocimiento a la Excelencia 2024"},"content":{"rendered":"<p>[et_pb_section fb_built=\u00bb1&#8243; _builder_version=\u00bb4.16&#8243; global_colors_info=\u00bb{}\u00bb][et_pb_row _builder_version=\u00bb4.27.4&#8243; _module_preset=\u00bbdefault\u00bb global_colors_info=\u00bb{}\u00bb][et_pb_column type=\u00bb4_4&#8243; _builder_version=\u00bb4.27.4&#8243; _module_preset=\u00bbdefault\u00bb global_colors_info=\u00bb{}\u00bb][et_pb_text _builder_version=\u00bb4.27.4&#8243; _module_preset=\u00bbdefault\u00bb global_colors_info=\u00bb{}\u00bb]<\/p>\n<h2 style=\"text-align: center;\"><strong>Estudiantes destacados en<\/strong><\/h2>\n<h2 style=\"text-align: center;\"><strong>Ceremonia de Reconocimiento a la Excelencia 2024<\/strong><\/h2>\n<p>[\/et_pb_text][\/et_pb_column][\/et_pb_row][et_pb_row _builder_version=\u00bb4.16&#8243; background_size=\u00bbinitial\u00bb background_position=\u00bbtop_left\u00bb background_repeat=\u00bbrepeat\u00bb global_colors_info=\u00bb{}\u00bb][et_pb_column type=\u00bb4_4&#8243; _builder_version=\u00bb4.16&#8243; custom_padding=\u00bb|||\u00bb global_colors_info=\u00bb{}\u00bb custom_padding__hover=\u00bb|||\u00bb][et_pb_text _builder_version=\u00bb4.27.4&#8243; background_size=\u00bbinitial\u00bb background_position=\u00bbtop_left\u00bb background_repeat=\u00bbrepeat\u00bb global_colors_info=\u00bb{}\u00bb]<\/p>\n<p style=\"text-align: justify;\">El reconocimiento de estudiantes destacados en el Colegio Hispano Brit\u00e1nico es una pr\u00e1ctica fundamentada en la experiencia y trabajo colaborativo entre los departamentos de Orientaci\u00f3n y Convivencia Escolar, quienes valoran positivamente el reconocimiento en la motivaci\u00f3n, el desarrollo integral de los estudiantes y la promoci\u00f3n de una cultura de excelencia.<\/p>\n<p style=\"text-align: justify;\">Para esta ceremonia, se han reconocido 4 pilares fundamentales, alineados a nuestra misi\u00f3n y visi\u00f3n institucional, as\u00ed como a los sellos y objetivos del Colegio Hispano Brit\u00e1nico:<\/p>\n<p style=\"text-align: justify;\">\n<ul>\n<li style=\"text-align: justify;\"><strong>Rendimiento Acad\u00e9mico:<\/strong> Este reconocimiento, permite identificar a los estudiantes que han obtenido el mayor rendimiento durante el a\u00f1o escolar.<\/li>\n<li style=\"text-align: justify;\"><strong>Clima de convivencia escolar positivo:<\/strong> Se reconoce al estudiante con habilidades sociales y psicoemocionales, quien es un buen compa\u00f1ero, mantiene relaciones armoniosas, genera uni\u00f3n y resuelve conflictos de manera pac\u00edfica.<br \/><strong><\/strong><\/li>\n<li style=\"text-align: justify;\"><strong>Esp\u00edritu CHB:<\/strong> El estudiante desarrolla criterios basados en alto rendimiento acad\u00e9mico, deportivo, art\u00edstico, cultural y psicosocial.<\/li>\n<li style=\"text-align: justify;\"><strong>The Best:<\/strong> Estudiantes que destacan por su dominio del idioma ingl\u00e9s.<\/li>\n<\/ul>\n<p>[\/et_pb_text][\/et_pb_column][\/et_pb_row][et_pb_row column_structure=\u00bb1_3,1_3,1_3&#8243; _builder_version=\u00bb4.27.4&#8243; _module_preset=\u00bbdefault\u00bb global_colors_info=\u00bb{}\u00bb][et_pb_column type=\u00bb1_3&#8243; _builder_version=\u00bb4.27.4&#8243; _module_preset=\u00bbdefault\u00bb global_colors_info=\u00bb{}\u00bb][et_pb_button button_url=\u00bbhttps:\/\/www.chb.cl\/sitio\/premiacion-1-a-6-basico\/\u00bb button_text=\u00bbPremiacion 1\u00b0 a 6\u00b0 B\u00e1sico\u00bb _builder_version=\u00bb4.27.4&#8243; _module_preset=\u00bbdefault\u00bb custom_button=\u00bbon\u00bb button_text_color=\u00bb#FFFFFF\u00bb button_bg_color=\u00bb#0C71C3&#8243; button_border_radius=\u00bb30px\u00bb global_colors_info=\u00bb{}\u00bb][\/et_pb_button][\/et_pb_column][et_pb_column type=\u00bb1_3&#8243; _builder_version=\u00bb4.27.4&#8243; _module_preset=\u00bbdefault\u00bb global_colors_info=\u00bb{}\u00bb][et_pb_button button_url=\u00bbhttps:\/\/www.chb.cl\/sitio\/premiacion-7-a-8-basico\/\u00bb button_text=\u00bbPremiacion 7\u00b0 a 8\u00b0 B\u00e1sico\u00bb _builder_version=\u00bb4.27.4&#8243; _module_preset=\u00bbdefault\u00bb custom_button=\u00bbon\u00bb button_text_color=\u00bb#FFFFFF\u00bb button_bg_color=\u00bb#0C71C3&#8243; button_border_radius=\u00bb30px\u00bb global_colors_info=\u00bb{}\u00bb][\/et_pb_button][\/et_pb_column][et_pb_column type=\u00bb1_3&#8243; _builder_version=\u00bb4.27.4&#8243; _module_preset=\u00bbdefault\u00bb global_colors_info=\u00bb{}\u00bb][et_pb_button button_url=\u00bbhttps:\/\/www.chb.cl\/sitio\/premiacion-i-ii-iii-y-iv-medios\/\u00bb button_text=\u00bbPremiaci\u00f3n I\u00b0 a IV medios\u00bb _builder_version=\u00bb4.27.4&#8243; _module_preset=\u00bbdefault\u00bb custom_button=\u00bbon\u00bb button_text_color=\u00bb#FFFFFF\u00bb button_bg_color=\u00bb#0C71C3&#8243; button_border_radius=\u00bb30px\u00bb hover_enabled=\u00bb0&#8243; global_colors_info=\u00bb{}\u00bb sticky_enabled=\u00bb0&#8243;][\/et_pb_button][\/et_pb_column][\/et_pb_row][et_pb_row _builder_version=\u00bb4.27.4&#8243; _module_preset=\u00bbdefault\u00bb global_colors_info=\u00bb{}\u00bb][et_pb_column type=\u00bb4_4&#8243; _builder_version=\u00bb4.27.4&#8243; _module_preset=\u00bbdefault\u00bb global_colors_info=\u00bb{}\u00bb][et_pb_button button_url=\u00bbhttps:\/\/www.chb.cl\/sitio\/estudiantes-destacados-en-ceremonia-de-reconocimiento-a-la-excelencia-2023\/\u00bb button_text=\u00bbCeremonia de Reconocimiento 2023&#8243; button_alignment=\u00bbcenter\u00bb _builder_version=\u00bb4.27.4&#8243; _module_preset=\u00bbdefault\u00bb custom_button=\u00bbon\u00bb button_text_color=\u00bb#FFFFFF\u00bb button_bg_color=\u00bb#E09900&#8243; button_border_radius=\u00bb30px\u00bb global_colors_info=\u00bb{}\u00bb][\/et_pb_button][\/et_pb_column][\/et_pb_row][et_pb_row _builder_version=\u00bb4.27.4&#8243; _module_preset=\u00bbdefault\u00bb global_colors_info=\u00bb{}\u00bb][et_pb_column type=\u00bb4_4&#8243; _builder_version=\u00bb4.27.4&#8243; _module_preset=\u00bbdefault\u00bb global_colors_info=\u00bb{}\u00bb][et_pb_gallery gallery_ids=\u00bb38161,38162,38163,38164,38165,38166,38167,38168,38169,38170,38171,38172,38173,38174,38176,38177,38178,38179,38180,38181,38182,38183,38184,38185,38186,38187,38188,38189,38190&#8243; fullwidth=\u00bbon\u00bb _builder_version=\u00bb4.27.4&#8243; _module_preset=\u00bbdefault\u00bb auto=\u00bbon\u00bb auto_speed=\u00bb3000&#8243; global_colors_info=\u00bb{}\u00bb][\/et_pb_gallery][\/et_pb_column][\/et_pb_row][\/et_pb_section]<\/p>\n","protected":false},"excerpt":{"rendered":"<p>Estudiantes destacados en Ceremonia de Reconocimiento a la Excelencia 2024El reconocimiento de estudiantes destacados en el Colegio Hispano Brit\u00e1nico es una pr\u00e1ctica fundamentada en la experiencia y trabajo colaborativo entre [&hellip;]<\/p>\n","protected":false},"author":1,"featured_media":0,"parent":0,"menu_order":0,"comment_status":"closed","ping_status":"closed","template":"","meta":{"_et_pb_use_builder":"on","_et_pb_old_content":"<p><span style=\"font-weight: 400;\">El reconocimiento de estudiantes destacados en el Colegio Hispano Brit\u00e1nico es una pr\u00e1ctica fundamentada en la experiencia y trabajo colaborativo entre los departamentos de Orientaci\u00f3n y Convivencia Escolar, quienes valoran positivamente el reconocimiento en la motivaci\u00f3n, el desarrollo integral de los estudiantes y la promoci\u00f3n de una cultura de excelencia.<\/span><\/p><p><span style=\"font-weight: 400;\">Para esta ceremonia, se han reconocido 4 pilares fundamentales, alineados a nuestra misi\u00f3n y visi\u00f3n institucional, as\u00ed como a los sellos y objetivos del Colegio Hispano Brit\u00e1nico:<\/span><\/p><ul><li style=\"font-weight: 400;\" aria-level=\"1\"><span style=\"font-weight: 400;\">Rendimiento Acad\u00e9mico: Este reconocimiento, permite identificar a los estudiantes que han obtenido el mayor rendimiento durante el a\u00f1o escolar.<\/span><\/li><li style=\"font-weight: 400;\" aria-level=\"1\"><span style=\"font-weight: 400;\">Clima de convivencia escolar positivo: Se reconoce al estudiante con habilidades sociales y psicoemocionales, quien es un buen compa\u00f1ero, mantiene relaciones armoniosas, genera uni\u00f3n y resuelve conflictos de manera pac\u00edfica.<\/span><\/li><li style=\"font-weight: 400;\" aria-level=\"1\"><span style=\"font-weight: 400;\">Esp\u00edritu CHB: El estudiante desarrolla criterios basados en alto rendimiento acad\u00e9mico, deportivo, art\u00edstico, cultural y psicosocial.<\/span><\/li><li style=\"font-weight: 400;\" aria-level=\"1\"><span style=\"font-weight: 400;\">The Best: Estudiantes que destacan por su dominio del idioma ingl\u00e9s.<\/span><\/li><\/ul>","_et_gb_content_width":"","footnotes":""},"class_list":["post-38158","page","type-page","status-publish","hentry"],"_links":{"self":[{"href":"https:\/\/www.chb.cl\/sitio\/wp-json\/wp\/v2\/pages\/38158","targetHints":{"allow":["GET"]}}],"collection":[{"href":"https:\/\/www.chb.cl\/sitio\/wp-json\/wp\/v2\/pages"}],"about":[{"href":"https:\/\/www.chb.cl\/sitio\/wp-json\/wp\/v2\/types\/page"}],"author":[{"embeddable":true,"href":"https:\/\/www.chb.cl\/sitio\/wp-json\/wp\/v2\/users\/1"}],"replies":[{"embeddable":true,"href":"https:\/\/www.chb.cl\/sitio\/wp-json\/wp\/v2\/comments?post=38158"}],"version-history":[{"count":0,"href":"https:\/\/www.chb.cl\/sitio\/wp-json\/wp\/v2\/pages\/38158\/revisions"}],"wp:attachment":[{"href":"https:\/\/www.chb.cl\/sitio\/wp-json\/wp\/v2\/media?parent=38158"}],"curies":[{"name":"wp","href":"https:\/\/api.w.org\/{rel}","templated":true}]}}