{"id":38881,"date":"2025-03-18T16:32:54","date_gmt":"2025-03-18T19:32:54","guid":{"rendered":"https:\/\/www.chb.cl\/sitio\/?page_id=38881"},"modified":"2025-03-18T16:32:54","modified_gmt":"2025-03-18T19:32:54","slug":"departamento-de-educacion-fisica-y-deportes","status":"publish","type":"page","link":"https:\/\/www.chb.cl\/sitio\/departamento-de-educacion-fisica-y-deportes\/","title":{"rendered":"Departamento de Educaci\u00f3n F\u00edsica y Deportes"},"content":{"rendered":"<p>&nbsp;<\/p>\n<h2 style=\"text-align: center;\"><img loading=\"lazy\" decoding=\"async\" class=\"alignnone size-full wp-image-32210\" src=\"https:\/\/www.chb.cl\/sitio\/wp-content\/uploads\/2024\/01\/PhotoRoom-20230308_114009-1.jpg\" alt=\"\" width=\"500\" height=\"500\" srcset=\"https:\/\/www.chb.cl\/sitio\/wp-content\/uploads\/2024\/01\/PhotoRoom-20230308_114009-1.jpg 500w, https:\/\/www.chb.cl\/sitio\/wp-content\/uploads\/2024\/01\/PhotoRoom-20230308_114009-1-480x480.jpg 480w\" sizes=\"(min-width: 0px) and (max-width: 480px) 480px, (min-width: 481px) 500px, 100vw\" \/><\/h2>\n<h3 style=\"text-align: center;\"><b>Fabrizio Castillo P\u00e9rez<\/b><\/h3>\n<h3 style=\"text-align: center;\"><b>Jefe Departamento de Educaci\u00f3n F\u00edsica y Deportes<\/b><\/h3>\n<p>&nbsp;<\/p>\n<p><strong>Funciones:<\/strong><\/p>\n<p><strong>Coordinaci\u00f3n del Departamento:<\/strong><\/p>\n<ul>\n<li><span style=\"font-weight: 400;\">Lidera el equipo docente de Educaci\u00f3n F\u00edsica, asegurando una planificaci\u00f3n alineada con los objetivos institucionales.<\/span><\/li>\n<li><span style=\"font-weight: 400;\">Supervisa el cumplimiento de los lineamientos pedag\u00f3gicos en la ense\u00f1anza de la asignatura.<\/span><\/li>\n<\/ul>\n<p><strong>Implementaci\u00f3n de la Jornada de Deportes:<\/strong><\/p>\n<ul>\n<li><span style=\"font-weight: 400;\">Responsable de la organizaci\u00f3n y ejecuci\u00f3n de la jornada de deportes, garantizando su correcta operatividad y el cumplimiento de los objetivos educativos.<\/span><\/li>\n<li><span style=\"font-weight: 400;\">Asegura que los espacios y recursos deportivos sean adecuados y que las actividades se desarrollen de manera segura y estructurada.<\/span><\/li>\n<\/ul>\n<p><strong>Desarrollo e Implementaci\u00f3n del Programa de Deportes:<\/strong><\/p>\n<ul>\n<li><span style=\"font-weight: 400;\">Dise\u00f1a y gestiona el programa de deportes del colegio, incorporando estrategias metodol\u00f3gicas para fortalecer el desarrollo f\u00edsico, t\u00e9cnico y t\u00e1ctico de los estudiantes.<\/span><\/li>\n<li><span style=\"font-weight: 400;\">Establece criterios de evaluaci\u00f3n del desempe\u00f1o f\u00edsico y deportivo de los estudiantes.<\/span><\/li>\n<li><span style=\"font-weight: 400;\">Propone mejoras y adapta el programa en funci\u00f3n de los resultados y necesidades detectadas.<\/span><\/li>\n<\/ul>\n<p><strong>Programaci\u00f3n de Jornadas Deportivas:<\/strong><\/p>\n<ul>\n<li><span style=\"font-weight: 400;\">Organiza la planificaci\u00f3n y ejecuci\u00f3n de eventos deportivos, tanto dentro del horario de clases como en los clubes deportivos asociados.<\/span><\/li>\n<li><span style=\"font-weight: 400;\">Coordina competencias, encuentros y actividades recreativas que fortalezcan el aprendizaje deportivo.<\/span><\/li>\n<li><span style=\"font-weight: 400;\">Gestiona la comunicaci\u00f3n con instituciones externas en caso de participaci\u00f3n en torneos o actividades intercolegiales.<\/span><\/li>\n<\/ul>\n","protected":false},"excerpt":{"rendered":"<p>&nbsp; Fabrizio Castillo P\u00e9rez Jefe Departamento de Educaci\u00f3n F\u00edsica y Deportes &nbsp; Funciones: Coordinaci\u00f3n del Departamento: Lidera el equipo docente de Educaci\u00f3n F\u00edsica, asegurando una planificaci\u00f3n alineada con los objetivos [&hellip;]<\/p>\n","protected":false},"author":1,"featured_media":0,"parent":0,"menu_order":0,"comment_status":"closed","ping_status":"closed","template":"","meta":{"_et_pb_use_builder":"","_et_pb_old_content":"","_et_gb_content_width":"","footnotes":""},"class_list":["post-38881","page","type-page","status-publish","hentry"],"_links":{"self":[{"href":"https:\/\/www.chb.cl\/sitio\/wp-json\/wp\/v2\/pages\/38881","targetHints":{"allow":["GET"]}}],"collection":[{"href":"https:\/\/www.chb.cl\/sitio\/wp-json\/wp\/v2\/pages"}],"about":[{"href":"https:\/\/www.chb.cl\/sitio\/wp-json\/wp\/v2\/types\/page"}],"author":[{"embeddable":true,"href":"https:\/\/www.chb.cl\/sitio\/wp-json\/wp\/v2\/users\/1"}],"replies":[{"embeddable":true,"href":"https:\/\/www.chb.cl\/sitio\/wp-json\/wp\/v2\/comments?post=38881"}],"version-history":[{"count":0,"href":"https:\/\/www.chb.cl\/sitio\/wp-json\/wp\/v2\/pages\/38881\/revisions"}],"wp:attachment":[{"href":"https:\/\/www.chb.cl\/sitio\/wp-json\/wp\/v2\/media?parent=38881"}],"curies":[{"name":"wp","href":"https:\/\/api.w.org\/{rel}","templated":true}]}}