{"id":42030,"date":"2025-06-25T11:04:38","date_gmt":"2025-06-25T14:04:38","guid":{"rendered":"https:\/\/www.chb.cl\/sitio\/?page_id=42030"},"modified":"2025-06-25T13:37:21","modified_gmt":"2025-06-25T16:37:21","slug":"joseph-morgan-ferger","status":"publish","type":"page","link":"https:\/\/www.chb.cl\/sitio\/joseph-morgan-ferger\/","title":{"rendered":"Joseph Morgan Ferger"},"content":{"rendered":"<p>[et_pb_section fb_built=\u00bb1&#8243; _builder_version=\u00bb4.16&#8243; global_colors_info=\u00bb{}\u00bb][et_pb_row _builder_version=\u00bb4.16&#8243; background_size=\u00bbinitial\u00bb background_position=\u00bbtop_left\u00bb background_repeat=\u00bbrepeat\u00bb global_colors_info=\u00bb{}\u00bb][et_pb_column type=\u00bb4_4&#8243; _builder_version=\u00bb4.16&#8243; custom_padding=\u00bb|||\u00bb global_colors_info=\u00bb{}\u00bb custom_padding__hover=\u00bb|||\u00bb][et_pb_image src=\u00bbhttps:\/\/www.chb.cl\/sitio\/wp-content\/uploads\/2025\/06\/JosephMorgan.jpg\u00bb title_text=\u00bbJosephMorgan\u00bb align=\u00bbcenter\u00bb _builder_version=\u00bb4.27.4&#8243; _module_preset=\u00bbdefault\u00bb width=\u00bb45%\u00bb global_colors_info=\u00bb{}\u00bb][\/et_pb_image][et_pb_text _builder_version=\u00bb4.27.4&#8243; _module_preset=\u00bbdefault\u00bb hover_enabled=\u00bb0&#8243; global_colors_info=\u00bb{}\u00bb sticky_enabled=\u00bb0&#8243;]<\/p>\n<p style=\"text-align: center;\"><strong>JOSEPH MORGAN FERGER<\/strong><\/p>\n<p style=\"text-align: center;\"><strong>2000-2019<\/strong><\/p>\n<p>[\/et_pb_text][et_pb_text _builder_version=\u00bb4.27.4&#8243; background_size=\u00bbinitial\u00bb background_position=\u00bbtop_left\u00bb background_repeat=\u00bbrepeat\u00bb global_colors_info=\u00bb{}\u00bb]<\/p>\n<p style=\"text-align: justify;\"><span style=\"font-weight: 400;\">Joseph Morgan Ferger asumi\u00f3 la Direcci\u00f3n de la Educaci\u00f3n Media y luego, el a\u00f1o 2010 de la Educaci\u00f3n B\u00e1sica\u00a0 del Colegio Hispano Brit\u00e1nico, motivado por el deseo de aportar al sue\u00f1o familiar que dio origen a la comunidad CHB.<\/span><\/p>\n<ul style=\"text-align: justify;\">\n<li style=\"font-weight: 400;\" aria-level=\"1\"><b>Fortalezas iniciales: <\/b><span style=\"font-weight: 400;\">Destac\u00f3 el orden administrativo, la infraestructura \u00fanica y el sentido de uni\u00f3n dentro del medio educativo.<\/span><\/li>\n<li style=\"font-weight: 400;\" aria-level=\"1\"><b>Organizaci\u00f3n de la educaci\u00f3n media: <\/b><span style=\"font-weight: 400;\">Lider\u00f3 la administraci\u00f3n de los niveles m\u00e1s nuevos, desarrollando una perspectiva comunitaria centrada en valores humanos y el desarrollo integral.<\/span><\/li>\n<li style=\"font-weight: 400;\" aria-level=\"1\"><b>Enfoque val\u00f3rico: <\/b><span style=\"font-weight: 400;\">Promovi\u00f3 un horizonte institucional basado en la preocupaci\u00f3n por las personas y su desarrollo como eje central.<\/span><\/li>\n<li style=\"font-weight: 400;\" aria-level=\"1\"><b>Fortalecimiento de valores y sello institucional: <\/b><span style=\"font-weight: 400;\">Consolid\u00f3 los valores de amabilidad, paciencia, capacidad de perdonar, cortes\u00eda, humildad, generosidad y sinceridad como parte del sello CHB.<\/span><\/li>\n<li style=\"font-weight: 400;\" aria-level=\"1\"><b>Sensibilidad ecol\u00f3gica:<\/b><span style=\"font-weight: 400;\"> Introdujo una conciencia ecol\u00f3gica en la comunidad, fomentando la empat\u00eda, la inteligencia emocional y la comprensi\u00f3n de los sistemas naturales.<\/span><\/li>\n<li style=\"font-weight: 400;\" aria-level=\"1\"><b>Actividades integradoras: <\/b><span style=\"font-weight: 400;\">Particip\u00f3 activamente en din\u00e1micas comunitarias, salidas a terreno y actividades escolares, fortaleciendo los lazos con estudiantes, familias y docentes.<\/span><\/li>\n<li style=\"font-weight: 400;\" aria-level=\"1\"><b>An\u00e9cdotas destacadas: <\/b><span style=\"font-weight: 400;\">Disfraces como Wall-E y el Capit\u00e1n Planeta en eventos escolares dejaron recuerdos memorables en la comunidad.<\/span><\/li>\n<li style=\"font-weight: 400;\" aria-level=\"1\"><b>Transformaci\u00f3n educativa: <\/b><span style=\"font-weight: 400;\">desarroll\u00f3 el enfoque centrado en el estudiante, donde los ni\u00f1os, ni\u00f1as y adolescentes se convirtieron en protagonistas de su aprendizaje.<\/span><\/li>\n<li style=\"font-weight: 400;\" aria-level=\"1\"><b>Impacto perdurable: S<\/b><span style=\"font-weight: 400;\">u gesti\u00f3n transform\u00f3 el modelo educativo del Colegio, marcando un antes y un despu\u00e9s en la instituci\u00f3n.<\/span><\/li>\n<li style=\"font-weight: 400;\" aria-level=\"1\"><b>Mejor etapa de su vida: <\/b><span style=\"font-weight: 400;\">Consider\u00f3 su tiempo como director como los mejores a\u00f1os de su vida.<\/span><\/li>\n<\/ul>\n<p style=\"text-align: justify;\"><b>Reconocimiento duradero: <\/b><span style=\"font-weight: 400;\">Es recordado con afecto por exalumnos, quienes lo reconocen como un pilar en su formaci\u00f3n personal y profesional.<\/span><\/p>\n<p>[\/et_pb_text][\/et_pb_column][\/et_pb_row][\/et_pb_section]<\/p>\n","protected":false},"excerpt":{"rendered":"<p>JOSEPH MORGAN FERGER 2000-2019Joseph Morgan Ferger asumi\u00f3 la Direcci\u00f3n de la Educaci\u00f3n Media y luego, el a\u00f1o 2010 de la Educaci\u00f3n B\u00e1sica\u00a0 del Colegio Hispano Brit\u00e1nico, motivado por el deseo [&hellip;]<\/p>\n","protected":false},"author":1,"featured_media":0,"parent":0,"menu_order":0,"comment_status":"closed","ping_status":"closed","template":"","meta":{"_et_pb_use_builder":"on","_et_pb_old_content":"<p><span style=\"font-weight: 400;\">Joseph Morgan Ferger asumi\u00f3 la Direcci\u00f3n de la Educaci\u00f3n Media y luego, el a\u00f1o 2010 de la Educaci\u00f3n B\u00e1sica\u00a0 del Colegio Hispano Brit\u00e1nico, motivado por el deseo de aportar al sue\u00f1o familiar que dio origen a la comunidad CHB.<\/span><\/p><ul><li style=\"font-weight: 400;\" aria-level=\"1\"><b>Fortalezas iniciales: <\/b><span style=\"font-weight: 400;\">Destac\u00f3 el orden administrativo, la infraestructura \u00fanica y el sentido de uni\u00f3n dentro del medio educativo.<\/span><\/li><li style=\"font-weight: 400;\" aria-level=\"1\"><b>Organizaci\u00f3n de la educaci\u00f3n media: <\/b><span style=\"font-weight: 400;\">Lider\u00f3 la administraci\u00f3n de los niveles m\u00e1s nuevos, desarrollando una perspectiva comunitaria centrada en valores humanos y el desarrollo integral.<\/span><\/li><li style=\"font-weight: 400;\" aria-level=\"1\"><b>Enfoque val\u00f3rico: <\/b><span style=\"font-weight: 400;\">Promovi\u00f3 un horizonte institucional basado en la preocupaci\u00f3n por las personas y su desarrollo como eje central.<\/span><\/li><li style=\"font-weight: 400;\" aria-level=\"1\"><b>Fortalecimiento de valores y sello institucional: <\/b><span style=\"font-weight: 400;\">Consolid\u00f3 los valores de amabilidad, paciencia, capacidad de perdonar, cortes\u00eda, humildad, generosidad y sinceridad como parte del sello CHB.<\/span><\/li><li style=\"font-weight: 400;\" aria-level=\"1\"><b>Sensibilidad ecol\u00f3gica:<\/b><span style=\"font-weight: 400;\"> Introdujo una conciencia ecol\u00f3gica en la comunidad, fomentando la empat\u00eda, la inteligencia emocional y la comprensi\u00f3n de los sistemas naturales.<\/span><\/li><li style=\"font-weight: 400;\" aria-level=\"1\"><b>Actividades integradoras: <\/b><span style=\"font-weight: 400;\">Particip\u00f3 activamente en din\u00e1micas comunitarias, salidas a terreno y actividades escolares, fortaleciendo los lazos con estudiantes, familias y docentes.<\/span><\/li><li style=\"font-weight: 400;\" aria-level=\"1\"><b>An\u00e9cdotas destacadas: <\/b><span style=\"font-weight: 400;\">Disfraces como Wall-E y el Capit\u00e1n Planeta en eventos escolares dejaron recuerdos memorables en la comunidad.<\/span><\/li><li style=\"font-weight: 400;\" aria-level=\"1\"><b>Transformaci\u00f3n educativa: <\/b><span style=\"font-weight: 400;\">desarroll\u00f3 el enfoque centrado en el estudiante, donde los ni\u00f1os, ni\u00f1as y adolescentes se convirtieron en protagonistas de su aprendizaje.<\/span><\/li><li style=\"font-weight: 400;\" aria-level=\"1\"><b>Impacto perdurable: S<\/b><span style=\"font-weight: 400;\">u gesti\u00f3n transform\u00f3 el modelo educativo del Colegio, marcando un antes y un despu\u00e9s en la instituci\u00f3n.<\/span><\/li><li style=\"font-weight: 400;\" aria-level=\"1\"><b>Mejor etapa de su vida: <\/b><span style=\"font-weight: 400;\">Consider\u00f3 su tiempo como director como los mejores a\u00f1os de su vida.<\/span><\/li><\/ul><p><b>Reconocimiento duradero: <\/b><span style=\"font-weight: 400;\">Es recordado con afecto por exalumnos, quienes lo reconocen como un pilar en su formaci\u00f3n personal y profesional.<\/span><\/p>","_et_gb_content_width":"","footnotes":""},"class_list":["post-42030","page","type-page","status-publish","hentry"],"_links":{"self":[{"href":"https:\/\/www.chb.cl\/sitio\/wp-json\/wp\/v2\/pages\/42030","targetHints":{"allow":["GET"]}}],"collection":[{"href":"https:\/\/www.chb.cl\/sitio\/wp-json\/wp\/v2\/pages"}],"about":[{"href":"https:\/\/www.chb.cl\/sitio\/wp-json\/wp\/v2\/types\/page"}],"author":[{"embeddable":true,"href":"https:\/\/www.chb.cl\/sitio\/wp-json\/wp\/v2\/users\/1"}],"replies":[{"embeddable":true,"href":"https:\/\/www.chb.cl\/sitio\/wp-json\/wp\/v2\/comments?post=42030"}],"version-history":[{"count":0,"href":"https:\/\/www.chb.cl\/sitio\/wp-json\/wp\/v2\/pages\/42030\/revisions"}],"wp:attachment":[{"href":"https:\/\/www.chb.cl\/sitio\/wp-json\/wp\/v2\/media?parent=42030"}],"curies":[{"name":"wp","href":"https:\/\/api.w.org\/{rel}","templated":true}]}}