{"id":42283,"date":"2025-07-25T13:35:00","date_gmt":"2025-07-25T16:35:00","guid":{"rendered":"https:\/\/www.chb.cl\/sitio\/?page_id=42283"},"modified":"2025-08-05T15:59:17","modified_gmt":"2025-08-05T18:59:17","slug":"cgpa","status":"publish","type":"page","link":"https:\/\/www.chb.cl\/sitio\/cgpa\/","title":{"rendered":"CGPA"},"content":{"rendered":"<p>[et_pb_section fb_built=\u00bb1&#8243; _builder_version=\u00bb4.27.4&#8243; _module_preset=\u00bbdefault\u00bb global_colors_info=\u00bb{}\u00bb][et_pb_row _builder_version=\u00bb4.27.4&#8243; _module_preset=\u00bbdefault\u00bb global_colors_info=\u00bb{}\u00bb][et_pb_column type=\u00bb4_4&#8243; _builder_version=\u00bb4.27.4&#8243; _module_preset=\u00bbdefault\u00bb global_colors_info=\u00bb{}\u00bb][et_pb_text _builder_version=\u00bb4.27.4&#8243; _module_preset=\u00bbdefault\u00bb text_font=\u00bb&#8211;et_global_heading_font|700|||||||\u00bb text_text_color=\u00bb#000000&#8243; text_font_size=\u00bb34px\u00bb text_orientation=\u00bbcenter\u00bb global_colors_info=\u00bb{}\u00bb]<\/p>\n<h2 style=\"text-align: center;\"><b>Centro General De Padres, Madres Y Apoderados<\/b><\/h2>\n<h2 style=\"text-align: center;\"><b>Colegio Hispano Britanico<\/b><\/h2>\n<p>[\/et_pb_text][\/et_pb_column][\/et_pb_row][et_pb_row _builder_version=\u00bb4.27.4&#8243; _module_preset=\u00bbdefault\u00bb global_colors_info=\u00bb{}\u00bb][et_pb_column type=\u00bb4_4&#8243; _builder_version=\u00bb4.27.4&#8243; _module_preset=\u00bbdefault\u00bb global_colors_info=\u00bb{}\u00bb][et_pb_image src=\u00bbhttps:\/\/www.chb.cl\/sitio\/wp-content\/uploads\/2025\/08\/8f8226be-3cf6-47b9-af29-794f27f92f2c.jpeg\u00bb alt=\u00bbCentro General de Padres HB\u00bb title_text=\u00bb8f8226be-3cf6-47b9-af29-794f27f92f2c\u00bb align=\u00bbcenter\u00bb _builder_version=\u00bb4.27.4&#8243; _module_preset=\u00bbdefault\u00bb width=\u00bb100%\u00bb global_colors_info=\u00bb{}\u00bb][\/et_pb_image][\/et_pb_column][\/et_pb_row][et_pb_row _builder_version=\u00bb4.27.4&#8243; _module_preset=\u00bbdefault\u00bb global_colors_info=\u00bb{}\u00bb][et_pb_column type=\u00bb4_4&#8243; _builder_version=\u00bb4.27.4&#8243; _module_preset=\u00bbdefault\u00bb global_colors_info=\u00bb{}\u00bb][et_pb_text _builder_version=\u00bb4.27.4&#8243; _module_preset=\u00bbdefault\u00bb text_font=\u00bb&#8211;et_global_body_font||||||||\u00bb text_text_color=\u00bb#000000&#8243; text_font_size=\u00bb17px\u00bb text_orientation=\u00bbjustified\u00bb global_colors_info=\u00bb{}\u00bb]<\/p>\n<p style=\"text-align: justify;\"><span style=\"font-weight: 400;\">El rol principal del Centro de Padres, Madres y Apoderados (CGPMA) del Colegio Hispano Brit\u00e1nico es el de promover la participaci\u00f3n de las familias en la educaci\u00f3n de sus hijos y colaborar con la instituci\u00f3n en la formaci\u00f3n integral de los estudiantes. Esto implica diversas funciones como representar a los padres, madres y apoderados; organizar actividades, facilitar la comunicaci\u00f3n entre el hogar y el Colegio, promoviendo valores y principios educativos comunes.<\/span><\/p>\n<p style=\"text-align: justify;\"><span style=\"font-weight: 400;\"><strong>El CGPMA del Colegio Hispano Brit\u00e1nico de conforma de la siguiente manera<\/strong>:<\/span><\/p>\n<p>[\/et_pb_text][et_pb_text _builder_version=\u00bb4.27.4&#8243; _module_preset=\u00bbdefault\u00bb hover_enabled=\u00bb0&#8243; global_colors_info=\u00bb{}\u00bb sticky_enabled=\u00bb0&#8243;]<\/p>\n<table border=\"1\" style=\"border-collapse: collapse; width: 100%;\">\n<tbody>\n<tr>\n<td style=\"width: 35.0282%; text-align: left;\"><strong>PRESIDENTE<\/strong><\/td>\n<td style=\"width: 64.8776%; text-align: center;\"><strong>PEDRO ALARC\u00d3N MADARIAGA<\/strong><\/td>\n<\/tr>\n<tr>\n<td style=\"width: 35.0282%; text-align: left;\"><strong>VICE PRESIDENTA<\/strong><\/td>\n<td style=\"width: 64.8776%; text-align: center;\"><strong>KAREN LAGOS TALVAC<\/strong><\/td>\n<\/tr>\n<tr>\n<td style=\"width: 35.0282%; text-align: left;\"><strong>TESORERA<\/strong><\/td>\n<td style=\"width: 64.8776%; text-align: center;\"><strong>MARIA JOSE AHUMADA APIOLAZA<\/strong><\/td>\n<\/tr>\n<tr>\n<td style=\"width: 35.0282%; text-align: left;\"><strong>SECRETARIA<\/strong><\/td>\n<td style=\"width: 64.8776%; text-align: center;\"><strong>B\u00c1RBARA COLOMBO MU\u00d1OZ\u00a0<\/strong><\/td>\n<\/tr>\n<tr>\n<td style=\"width: 35.0282%; text-align: left;\"><strong>PRO SECRETARIA<\/strong><\/td>\n<td style=\"width: 64.8776%; text-align: center;\"><strong>ALEJANDRA SILVA ALCAYAGA<\/strong><\/td>\n<\/tr>\n<\/tbody>\n<\/table>\n<p>[\/et_pb_text][et_pb_text _builder_version=\u00bb4.27.4&#8243; _module_preset=\u00bbdefault\u00bb text_text_color=\u00bb#000000&#8243; text_font_size=\u00bb17px\u00bb global_colors_info=\u00bb{}\u00bb]<\/p>\n<h4 style=\"text-align: left;\"><b>\u00bfQuieres ser socio del CGPMA?<\/b><b><\/b><\/h4>\n<p>[\/et_pb_text][et_pb_button button_url=\u00bbhttps:\/\/forms.gle\/cSRoX2sEhUUtEkMC7&#8243; url_new_window=\u00bbon\u00bb button_text=\u00bb\ud83d\udc49 Formulario Incorporaci\u00f3n Nuevo Socio\u00bb _builder_version=\u00bb4.27.4&#8243; _module_preset=\u00bbdefault\u00bb custom_button=\u00bbon\u00bb button_text_size=\u00bb28px\u00bb button_text_color=\u00bb#FFFFFF\u00bb button_bg_color=\u00bb#ff5300&#8243; button_border_radius=\u00bb30px\u00bb global_colors_info=\u00bb{}\u00bb][\/et_pb_button][et_pb_text _builder_version=\u00bb4.27.4&#8243; _module_preset=\u00bbdefault\u00bb global_colors_info=\u00bb{}\u00bb]<\/p>\n<ul>\n<li><strong>Rut 65.250.093-5<\/strong><\/li>\n<li><strong>Cuenta Vista 1372081216<\/strong><\/li>\n<li><strong>Banco Estado<\/strong><\/li>\n<li><strong>cgpma@chb.cl<\/strong><\/li>\n<\/ul>\n<p>[\/et_pb_text][et_pb_button button_url=\u00bbhttps:\/\/forms.gle\/K53iUmBRZiKrzeJ49&#8243; url_new_window=\u00bbon\u00bb button_text=\u00bb\ud83d\udc49 Formulario Anualidad y Actualizaci\u00f3n de datos Socios\u00bb _builder_version=\u00bb4.27.4&#8243; _module_preset=\u00bbdefault\u00bb custom_button=\u00bbon\u00bb button_text_size=\u00bb28px\u00bb button_text_color=\u00bb#FFFFFF\u00bb button_bg_color=\u00bb#ff5300&#8243; button_border_radius=\u00bb30px\u00bb global_colors_info=\u00bb{}\u00bb][\/et_pb_button][et_pb_button button_url=\u00bbhttps:\/\/docs.google.com\/spreadsheets\/d\/1CEJzx0VLyhR7-mC_ud7-mhAGPdb8VNiC\/edit?usp=sharing&#038;ouid=111802659632560306978&#038;rtpof=true&#038;sd=true\u00bb url_new_window=\u00bbon\u00bb button_text=\u00bb\ud83d\udc49 Planilla Convenios Comercio y Empresas\u00bb _builder_version=\u00bb4.27.4&#8243; _module_preset=\u00bbdefault\u00bb custom_button=\u00bbon\u00bb button_text_size=\u00bb28px\u00bb button_text_color=\u00bb#FFFFFF\u00bb button_bg_color=\u00bb#ff5300&#8243; button_border_radius=\u00bb30px\u00bb global_colors_info=\u00bb{}\u00bb][\/et_pb_button][\/et_pb_column][\/et_pb_row][\/et_pb_section]<\/p>\n","protected":false},"excerpt":{"rendered":"<p>Centro General De Padres, Madres Y Apoderados Colegio Hispano BritanicoEl rol principal del Centro de Padres, Madres y Apoderados (CGPMA) del Colegio Hispano Brit\u00e1nico es el de promover la participaci\u00f3n [&hellip;]<\/p>\n","protected":false},"author":1,"featured_media":0,"parent":0,"menu_order":0,"comment_status":"closed","ping_status":"closed","template":"","meta":{"_et_pb_use_builder":"on","_et_pb_old_content":"","_et_gb_content_width":"","footnotes":""},"class_list":["post-42283","page","type-page","status-publish","hentry"],"_links":{"self":[{"href":"https:\/\/www.chb.cl\/sitio\/wp-json\/wp\/v2\/pages\/42283","targetHints":{"allow":["GET"]}}],"collection":[{"href":"https:\/\/www.chb.cl\/sitio\/wp-json\/wp\/v2\/pages"}],"about":[{"href":"https:\/\/www.chb.cl\/sitio\/wp-json\/wp\/v2\/types\/page"}],"author":[{"embeddable":true,"href":"https:\/\/www.chb.cl\/sitio\/wp-json\/wp\/v2\/users\/1"}],"replies":[{"embeddable":true,"href":"https:\/\/www.chb.cl\/sitio\/wp-json\/wp\/v2\/comments?post=42283"}],"version-history":[{"count":0,"href":"https:\/\/www.chb.cl\/sitio\/wp-json\/wp\/v2\/pages\/42283\/revisions"}],"wp:attachment":[{"href":"https:\/\/www.chb.cl\/sitio\/wp-json\/wp\/v2\/media?parent=42283"}],"curies":[{"name":"wp","href":"https:\/\/api.w.org\/{rel}","templated":true}]}}