{"id":4985,"date":"2019-11-27T15:16:52","date_gmt":"2019-11-27T15:16:52","guid":{"rendered":"https:\/\/www.chb.cl\/sitio\/?page_id=4985"},"modified":"2022-02-14T18:47:41","modified_gmt":"2022-02-14T18:47:41","slug":"ajuste-curricular-2020","status":"publish","type":"page","link":"https:\/\/www.chb.cl\/sitio\/ajuste-curricular-2020\/","title":{"rendered":"Ajuste Curricular 2020"},"content":{"rendered":"<p><span style=\"color: #000000;\">Listados de Educaci\u00f3n B\u00e1sica y Educaci\u00f3n Media\u00a0 del\u00a0AJUSTE CURRICULAR 2020 provocado por el Movimiento Social 2019.<\/span><\/p>\n<p><a href=\"https:\/\/www.chb.cl\/sitio\/wp-content\/uploads\/2020\/04\/ajustecurricularbasica.pdf\">AJUSTE CURRICULAR 2020 ED. B\u00c1SICA<\/a><b><\/b><\/p>\n<p><a href=\"https:\/\/www.chb.cl\/sitio\/wp-content\/uploads\/2020\/04\/ajustecurricularmedia.pdf\">AJUSTE CURRICULAR 2020 ED. MEDIA<\/a><\/p>\n","protected":false},"excerpt":{"rendered":"<p>Listados de Educaci\u00f3n B\u00e1sica y Educaci\u00f3n Media\u00a0 del\u00a0AJUSTE CURRICULAR 2020 provocado por el Movimiento Social 2019. AJUSTE CURRICULAR 2020 ED. B\u00c1SICA AJUSTE CURRICULAR 2020 ED. MEDIA<\/p>\n","protected":false},"author":1,"featured_media":0,"parent":0,"menu_order":0,"comment_status":"closed","ping_status":"closed","template":"","meta":{"_et_pb_use_builder":"","_et_pb_old_content":"","_et_gb_content_width":"","footnotes":""},"class_list":["post-4985","page","type-page","status-publish","hentry"],"_links":{"self":[{"href":"https:\/\/www.chb.cl\/sitio\/wp-json\/wp\/v2\/pages\/4985","targetHints":{"allow":["GET"]}}],"collection":[{"href":"https:\/\/www.chb.cl\/sitio\/wp-json\/wp\/v2\/pages"}],"about":[{"href":"https:\/\/www.chb.cl\/sitio\/wp-json\/wp\/v2\/types\/page"}],"author":[{"embeddable":true,"href":"https:\/\/www.chb.cl\/sitio\/wp-json\/wp\/v2\/users\/1"}],"replies":[{"embeddable":true,"href":"https:\/\/www.chb.cl\/sitio\/wp-json\/wp\/v2\/comments?post=4985"}],"version-history":[{"count":0,"href":"https:\/\/www.chb.cl\/sitio\/wp-json\/wp\/v2\/pages\/4985\/revisions"}],"wp:attachment":[{"href":"https:\/\/www.chb.cl\/sitio\/wp-json\/wp\/v2\/media?parent=4985"}],"curies":[{"name":"wp","href":"https:\/\/api.w.org\/{rel}","templated":true}]}}

<p><span style="color: #000000;">Listados de Educación Básica y Educación Media  del AJUSTE CURRICULAR 2020 provocado por el Movimiento Social 2019.</span></p>
<p><a href="https://www.chb.cl/sitio/wp-content/uploads/2020/04/ajustecurricularbasica.pdf">AJUSTE CURRICULAR 2020 ED. BÁSICA</a><b></b></p>
<p><a href="https://www.chb.cl/sitio/wp-content/uploads/2020/04/ajustecurricularmedia.pdf">AJUSTE CURRICULAR 2020 ED. MEDIA</a></p>

<p>Listados de Educación Básica y Educación Media  del AJUSTE CURRICULAR 2020 provocado por el Movimiento Social 2019. AJUSTE CURRICULAR 2020 ED. BÁSICA AJUSTE CURRICULAR 2020 ED. MEDIA</p>
